 base 16?
3a7e
Convert -198a (base 11) to base 15.
-b2d
What is 19b49 (base 13) in base 3?
2112221021
-1033 (base 5) to base 14
-a3
Convert -469a (base 14) to base 11.
-9261
Convert -213 (base 7) to base 9.
-130
Convert 13419 (base 10) to base 12.
7923
What is 1110220222 (base 3) in base 10?
29105
-11110101000011 (base 2) to base 12
-90ab
Convert -10630 (base 11) to base 4.
-3300220
What is -9c8 (base 14) in base 6?
-12552
What is -9c84 (base 14) in base 13?
-c497
Convert 5a86 (base 14) to base 16.
3db6
Convert -6986 (base 15) to base 16.
-5781
-415 (base 13) to base 12
-49a
What is 1738 (base 10) in base 9?
2341
What is -1303012 (base 4) in base 2?
-1110011000110
Convert 1fab (base 16) to base 9.
12107
-1011011001 (base 2) to base 13
-441
Convert 112101 (base 3) to base 16.
184
What is -240 (base 14) in base 7?
-1210
236 (base 8) to base 7
314
Convert -22856 (base 9) to base 12.
-8a13
Convert 1021221020 (base 3) to base 16.
637b
-5203 (base 10) to base 2
-1010001010011
What is 6990 (base 10) in base 4?
1231032
What is 2200212 (base 3) in base 9?
2625
Convert 309 (base 16) to base 4.
30021
Convert -1169 (base 14) to base 9.
-4140
Convert -2719 (base 11) to base 8.
-6711
-6301 (base 8) to base 6
-23041
38599 (base 11) to base 8
153764
359 (base 11) to base 7
1150
What is -1135 (base 12) in base 5?
-30123
Convert -15424 (base 6) to base 12.
-1574
What is -112100 (base 3) in base 13?
-23a
What is -11136 (base 10) in base 9?
-16243
Convert 10110100010010 (base 2) to base 12.
6816
What is 2430 (base 7) in base 6?
4103
-1001000212 (base 3) to base 14
-7639
21c (base 14) to base 10
418
Convert 72 (base 10) to base 9.
80
Convert 11000111000 (base 2) to base 10.
1592
What is 1093 (base 13) in base 2?
100100001101
What is 63b9 (base 15) in base 12?
10263
Convert -35c3 (base 15) to base 3.
-120200110
Convert -17 (base 12) to base 11.
-18
What is 14041 (base 5) in base 6?
5150
What is 419 (base 15) in base 2?
1110011100
100332 (base 4) to base 12
766
What is -aa0 (base 11) in base 2?
-10100101000
Convert 3230 (base 6) to base 15.
343
235 (base 7) to base 10
124
Convert -744a (base 11) to base 9.
-14460
What is -72e (base 16) in base 5?
-24323
-110011001011 (base 2) to base 15
-e85
Convert -222100 (base 4) to base 2.
-101010010000
-1376 (base 9) to base 12
-729
-1b9 (base 14) to base 10
-359
-131222 (base 4) to base 8
-3552
197 (base 11) to base 6
1015
Convert -29213 (base 10) to base 13.
-103b2
Convert -20350 (base 6) to base 7.
-10650
Convert 251524 (base 6) to base 10.
22444
Convert -2121233 (base 4) to base 5.
-303324
What is -40153 (base 6) in base 11?
-3a46
Convert 11111 (base 3) to base 15.
81
Convert 11636 (base 7) to base 5.
44230
What is 3968 (base 10) in base 5?
111333
What is 12212 (base 4) in base 15?
1d2
Convert -111111100 (base 2) to base 8.
-774
-18377 (base 10) to base 12
-a775
What is -699d (base 15) in base 2?
-101011110010111
What is -22a5 (base 13) in base 15?
-1697
-1122000022 (base 3) to base 8
-76524
500 (base 6) to base 16
b4
36e6 (base 16) to base 15
426e
What is -2665 (base 13) in base 2?
-1010101110011
-2d37 (base 14) to base 3
-102002110
-122 (base 8) to base 11
-75
358 (base 9) to base 15
14b
Convert 829 (base 11) to base 13.
5bb
What is 1c44 (base 14) in base 2?
1010000100100
What is 311113 (base 5) in base 3?
111221020
-116 (base 11) to base 6
-350
124 (base 5) to base 14
2b
11010010 (base 2) to base 11
181
Convert -4148 (base 9) to base 4.
-233201
What is 314 (base 12) in base 10?
448
-66222 (base 7) to base 3
-211202000
What is 368 (base 15) in base 9?
1048
What is -451 (base 8) in base 12?
-209
Convert -4201 (base 5) to base 3.
-202102
What is -244331 (base 5) in base 9?
-13728
What is 1201010 (base 3) in base 5?
14440
Convert 1014 (base 5) to base 2.
10000110
Convert -2015 (base 8) to base 12.
-725
What is -6646 (base 7) in base 12?
-146a
Convert -10300 (base 5) to base 3.
-221221
-529 (base 11) to base 2
-1001111100
What is -9525 (base 11) in base 6?
-134215
10490 (base 12) to base 2
101001110101100
20003222 (base 4) to base 13
12038
What is 7200 (base 8) in base 3?
12002111
What is 21202312 (base 4) in base 8?
114266
What is 413113 (base 5) in base 14?
4d09
14488 (base 13) to base 6
452321
-14f (base 16) to base 11
-285
Convert -110440 (base 8) to base 12.
-19600
What is -6110 (base 9) in base 14?
-18ac
What is -857 (base 9) in base 11?
-587
56 (base 11) to base 2
111101
What is 1297 (base 12) in base 14?
ac3
2630 (base 7) to base 14
517
Convert -1168 (base 9) to base 12.
-608
2122111220 (base 3) to base 16
cba6
1110011100111000 (base 2) to base 16
e738
-4047 (base 8) to base 13
-c47
What is -364 (base 12) in base 9?
-624
-12604 (base 10) to base 9
-18254
Convert -993 (base 11) to base 5.
-14231
-876 (base 11) to base 2
-10000011011
-a49 (base 11) to base 9
-1653
Convert -21314 (base 5) to base 2.
-10110110011
-2c3 (base 15) to base 6
-2533
Convert -321010 (base 4) to base 10.
-3652
Convert -414 (base 10) to base 5.
-3124
-3cb1 (base 14) to base 6
-121415
1bb2 (base 13) to base 12
2521
Convert 21317 (base 9) to base 12.
81ba
What is -4105 (base 8) in base 14?
-ab3
41401 (base 5) to base 9
3658
What is 134143 (base 5) in base 9?
7544
What is 3532 (base 6) in base 11?
701
-1100110100001 (base 2) to base 5
-202221
1100332 (base 4) to base 2
1010000111110
Convert 1320111 (base 4) to base 9.
11506
-383 (base 11) to base 15
-204
Convert -44a (base 12) to base 8.
-1172
314 (base 9) to base 10
256
What is -c61 (base 13) in base 9?
-2801
What is 6827 (base 9) in base 5?
130142
Convert 1774 (base 12) to base 5.
42244
-1101100100110 (base 2) to base 15
-20d5
28 (base 9) to base 7
35
3901 (base 10) to base 15
1251
Convert -4713 (base 10) to base 9.
-6416
6216 (base 8) to base 10
3214
What is -1c48 (base 13) in base 12?
-2591
-31a18 (base 11) to base 7
-252343
What is -2440 (base 5) in base 4?
-11302
What is 49a (base 13) in base 4?
30203
Convert -235 (base 10) to base 16.
-eb
What is 1ea (base 16) in base 10?
490
-25511 (base 6) to base 13
-19ab
-1140 (base 6) to base 4
-10110
What is -779 (base 11) in base 9?
-1246
105104 (base 6) to base 7
34636
Convert 417 (base 16) to base 9.
1383
10303 (base 4) to base 10
307
What is -1065 (base 8) in base 5?
-4230
30002 (base 5) to base 16
755
Convert -7d (base 16) to base 2.
-1111101
Convert -221a (base 16) to base 14.
-3278
Convert -4102 (base 5) to base 10.
-527
What is -268 (base 16) in base 8?
-1150
What is -9ee6 (base 16) in base 5?
-2300203
What is -648 (base 11) in base 8?
-1412
Convert 2ab (base 12) to base 6.
1535
125b (base 13) to base 4
220303
What is -1251 (base 6) in base 3?
-102211
348b (base 14) to base 10
9139
Convert -116645 (base 9) to base 3.
-10120201112
What is 15002 (base 11) in base 12?
103aa
What is -157 (base 13) in base 4?
-3301
Convert -3861 (base 9) to base 15.
-cca
-21617 (base 8) to base 4
-2032033
250 (base 6) to base 15
6c
Convert 3199 (base 16) to base 11.
95a3
Convert 24cc (base 13) to base 2.
1010001110110
Convert -82280 (base 9) to base 4.
-31032210
222222000 (base 3) to base 5
1112111
-b60 (base 12) to base 4
-121320
Convert 223004 (base 5) to base 11.
5a13
What is 2111000 (base 3) in base 7?
5163
What is -143110 (base 5) in base 16?
-178e
Convert -2935 (base 12) to base 15.
-1648
Convert 9a69 (base 14) to base 7.
140662
-210365 (base 7) to base 5
-2124314
What is 113155 (base 6) in base 13?
45c2
Convert 695 (base 11) to base 6.
3502
What is 534 (base 9) in base 8?
664
Convert -11000010011 (base 2) to base 6.
-11111
What is -36500 (base 9) in base 4?
-11332032
Convert 1700 (base 12) to base 10.
2736
What is 200123 (base 4) in base 14?
a83
-4124034 (base 5) to base 11
-466a8
1518 (base 9) to base 6
5155
What is 910 (base 13) in base 5?
22114
Convert -41593 (base 10) to base 16.
-a279
What is -244 (base 8) in base 7?
-323
What is 741 (base 8) in base 15?
221
-231040 (base 5) to base 8
-20116
Convert -250 (base 10) to base 11.
-208
Convert 13302 (base 7) to base 6.
24323
Convert 6c1a (base 13) to base 15.
47a8
76 (base 8) to base 14
46
What is -3430 (base 5) in base 7?
-1300
-1466 (base 9) to base 14
-597
30211 (base 5) to base 15
88b
What is -3829 (base 11) in base 12?
-2a80
-402 (base 8) to base 3
-100120
2202020022 (base 3) to base 13
1b82a
What is 